f**2. Give g(-3).
-2
Let r(k) = k + 0*k + 0*k. Let q(v) = -v**3 - 6*v**2 + 6*v + 8. Let u(n) = q(n) - 5*r(n). Determine u(-6).
2
Let o(l) be the first derivative of -l**2/2 - 19*l - 34. Give o(-15).
-4
Let n(c) be the second derivative of -c**5/20 - 17*c**4/6 + c**3/6 + 29*c**2/2 - 3*c + 48. Calculate n(-34).
-5
Let i(l) be the first derivative of -6 - 4/3*l**3 + 1/4*l**4 - l - 7/2*l**2. Let y = 14 - 9. What is i(y)?
-11
Let h(f) = 6*f**3 + 2*f**2 - 4*f + 3. Let c be (-5)/(-2)*54/(-15). Let y(s) = 24*s**3 + 8*s**2 - 17*s + 13. Let o(a) = c*h(a) + 2*y(a). Determine o(1).
-7
Let p = -42 + 42. Let g(x) = 10 + x**3 - 4*x + 2*x + 7*x + x**2 - 6*x. Give g(p).
10
Let k be (-17)/(-5) + (-18)/45. Let i(m) = 1 + 2 - 5*m - 7*m**2 + 5*m**k - 6*m**3. What is i(-6)?
-3
Let b(n) be the second derivative of n**4/6 - n**3/6 - 3*n**2/2 + 182*n. Let o(v) = -v + 6. Let i be o(2). Give b(i).
25
Let p(l) be the second derivative of l**4/12 + l**3/3 + l**2/2 + 33*l. Calculate p(-1).
0
Let b be (-4)/24*-6 + (-1)/1. Suppose 57*w - 54*w - 21 = b. Let m(s) = s**2 - 9*s. Determine m(w).
-14
Suppose -15*c = -21*c + 36. Suppose 3*s - 3*j + 6 = 0, c*s - 3*s + 2*j - 19 = 0. Let g(f) be the third derivative of f**4/8 - f**2. Calculate g(s).
9
Let q(g) = -g**3 - 9*g**2 - 7*g + 2. Let x(i) be the third derivative of -3*i**4/8 + 19*i**3/6 - 2*i**2. Let m be x(3). Determine q(m).
-6
Let j be 17/2 + (-6)/4. Suppose 4 + 17 = -j*f. Let m(n) = n + 3. Calculate m(f).
0
Let n(j) be the first derivative of -j**5/60 + j**4/6 + 14*j**3/3 - 18. Let r(q) be the third derivative of n(q). Calculate r(4).
-4
Let h(z) be the third derivative of z**6/120 + z**5/30 - z**4/24 + z**3/6 + 2*z**2 + 61*z. Calculate h(-2).
3
Let z(t) = t + 19. Let q(j) = -6*j - 65. Let v be q(-9). Give z(v).
8
Let l be 4/(-6)*(-7 - -4). Suppose 0 = -m + 4*a - 17, -2*m + 2*a - 6 = -l. Let t(c) = 318074*c**2 + 2 + 2*c - 6 - 318073*c**2. Determine t(m).
11
Let x = 8 + 10. Let n(f) = x*f - 2*f**2 + 15*f + f**2 - 29*f. Determine n(5).
-5
Let k(m) = -m**3 + 5*m**2 + 8*m - 6. Suppose i = -2*i + 6. Suppose q = -c + 8, -4*q + 22 = -i*c + c. Suppose 0*z = -z + q. Calculate k(z).
6
Let m(h) = -h**3 - 6*h**2 + 5*h - 6. Suppose 5*s + 116 = 81. What is m(s)?
8
Let x(o) = -746 + 2*o**2 + 754 + 3*o - 8*o - 11*o. Determine x(8).
8
Let s(x) = -x**2 + 7*x + 15. Let h = 357 + -348. Give s(h).
-3
Let k be 3/12 + -4 + (-57)/(-12). Let z be 1/4 - (-9)/12. Let j be (z - k) + (-2)/(-2). Let x(y) = -8*y**3 - 2*y + 1. Determine x(j).
-9
Let c(q) be the first derivative of -q**3/3 + 5*q**2/2 - 2*q - 2161. Let k be (-1)/4*2*0. Let w = k + 3. Determine c(w).
4
Let c(d) be the third derivative of 0*d + 0 + 1/12*d**4 + 5/6*d**3 + 5*d**2. Let w(i) = i**3 - 3*i**2 - 12*i + 4. Let j be w(5). What is c(j)?
-7
Let v(s) = 2*s + 9*s - 4*s - 9 + 0*s. Let o be v(2). Let c(r) = -4*r + 7. Give c(o).
-13
Let y(s) = 8*s**3 + 2*s**2 + 4*s + 3. Let b be 4/(-4) - 0/13. What is y(b)?
-7
Let g(u) = 4*u + 4. Let v be (3/2)/(21/70). Let o = v - 1. Suppose y - m = -o - 0, 14 = -3*y + 5*m. Give g(y).
-8
Suppose 2*c + 16 = 4*t, t + 7*c - 5*c + 1 = 0. Let k(r) = r**3 - 5*r**2 + 6*r - 1. What is k(t)?
-1
Let g(r) be the second derivative of 0 + 5/6*r**3 - 1/4*r**4 - 1/2*r**2 + 9*r - 1/20*r**5. Let o(s) = -2*s - 26. Let t be o(-11). Determine g(t).
-5
Let r(v) = v**3 - v**2 - 3*v - 4. Suppose 1 = 2*d - 11. Suppose 28*n = 26*n + d. Calculate r(n).
5
Let l(q) = q**2 + 15*q + 3*q - 10 - 4*q + 3*q - 7*q**3. Let y = -6 + 3. Let m(x) = -4*x**3 + 9*x - 5. Let u(j) = y*l(j) + 5*m(j). Determine u(4).
-3
Let i(q) = -2 + 2 + 3*q + 2 - 3. Suppose 0*h = 2*h - 6. Suppose -d + 4*k = -3*d - 8, -h*d + k + 9 = 0. Give i(d).
5
Let h(w) = -4 + 0 - 7 - 3*w + 2*w. Calculate h(5).
-16
Let k(i) be the first derivative of 0*i + 9/2*i**2 - 6 + 1/6*i**3 - 11/24*i**4. Let j(l) be the second derivative of k(l). Give j(1).
-10
Let c = 9 + -6. Let o(y) = 1053*y + 4 - 6 - 1051*y. What is o(c)?
4
Let h(s) be the second derivative of 0 - 1/2*s**3 + 0*s**2 - 23*s. Calculate h(-3).
9
Let f(u) = -u**2 + 5*u + 1. Let k be f(5). Let l(r) = 47*r**2 + 8*r + 14. Let d(z) = 16*z**2 + 3*z + 5. Let b(c) = -11*d(c) + 4*l(c). Give b(k).
12
Let r = -1 + -2. Let d = r + 6. Let w(g) be the second derivative of -g**4/12 - g**3/6 + 2*g**2 - 4*g + 10. What is w(d)?
-8
Let m(y) = -13*y**2 - 21*y + 7. Let a(i) = -28*i**2 - 44*i + 16. Let j(v) = 6*a(v) - 13*m(v). What is j(-6)?
-13
Let c = 4 + 2. Suppose 5*i - c*l + 2*l = -4, 4*i + 12 = l. Let b(q) = q**3 + 4*q**2 - q + 3. Give b(i).
7
Suppose 3*t - 6 = 6*t. Let z(d) = 4*d + 14. Let c(q) = 5 - 2*q + q + 2*q. Let f(h) = 8*c(h) - 3*z(h). Determine f(t).
6
Let k(p) = -3*p - 3. Let x(l) = l**3 - 19*l**2 - 92*l. Let j be x(23). Determine k(j).
-3
Let h(o) = o**2 - 7*o - 10. Let l(w) = 2*w**2 - 13*w - 20. Let s(d) = 11*h(d) - 6*l(d). Suppose -13 = -90*q - 18 + 5. What is s(q)?
10
Let z be ((-3)/6)/(4/8). Let n be (-2 - 5/(-3))*-27. Let d(f) = -n*f + 8*f - 4*f**2 - 1 - 3*f**2. Calculate d(z).
-7
Let v(q) = -983 + 4*q + 982 - 10*q - 11*q. Give v(1).
-18
Let s(z) = 54 - 51 - z - z. Let p(t) = t**2 + 2*t + 3. Suppose 0 = -5*w - 5*h + 2*h - 1, 2*h = -w + 4. Let m be p(w). What is s(m)?
-3
Let c(d) = d**3 - 2*d**2 - 7*d + 2. Let r = 591 - 588. Determine c(r).
-10
Let d(j) = -j**2 + 11*j - 5. Suppose -2*f + 80 = 5*x - f, 3*f + 15 = 0. Let s(t) = -52*t + 3*t**2 - 4 + 20*t + 18. Let n(y) = x*d(y) + 6*s(y). Calculate n(5).
-1
Suppose 4*t - 2*t + 4 = -4*a, 0 = -2*a + 5*t + 10. Suppose 7*x - 17 - 18 = a. Let c(d) = d**2 - 4*d - 3. What is c(x)?
2
Let b = -210 + 206. Let v(k) = 5*k**2 + 10*k - 4. Let q(y) = 9*y**2 + 19*y - 7. Let h(n) = 4*q(n) - 7*v(n). Calculate h(b).
-8
Let a(y) = -12*y - 463. Let g be a(-39). Let m(b) = b**2 + 6*b - 3. What is m(g)?
52
Suppose -3*o = -9 + 3. Suppose -5*i - 2 = -4*d, 3*d - o*d = -i - 4. Let p(v) be the second derivative of -v**4/12 - v**3/3 - 3*v**2/2 + v. Give p(d).
-3
Let j(q) = q**2 + q - 4. Let o(v) = -v**2 - 2*v - 26. Let f be o(-5). Let w = -37 - f. Give j(w).
16
Let w(y) be the second derivative of -3*y**3/2 - y**2/2 - 2*y. Let u(q) = -2*q**3 + 7*q**2 + q - 2. Let p be u(3). Suppose -g - 11 + p = 0. Determine w(g).
8
Let o(d) = -10*d + 5*d + d - 108 + 5*d + 5*d. Calculate o(18).
0
Let g(x) = -x**2 - 5*x + 134. Let o be g(-14). Let y(r) be the third derivative of -r**5/60 + r**4/3 + r**3/6 + 3*r**2. Give y(o).
1
Suppose -15 = -4*y + 3*j, 9 = 3*y + j + 1. Suppose y*l + 2*l - 25 = 0. Let c(h) = h**2 - 5*h + 5. Determine c(l).
5
Suppose 5*v - 3*g + 17 = 0, -3*v + g - 13 = 2*g. Let i(k) = -k**2 + 3 + 4*k**2 - 4*k**2 + 3*k + 2*k**2. Calculate i(v).
7
Suppose -30 = 2*f - 2*a - 34, 40 = 5*f + a. Let w(i) be the second derivative of -i**3/2 + 5*i**2 - 2*i. Give w(f).
-11
Suppose 0 = b + 4*t + 11, -7*b + 5*t + 40 = -3*b. Let r(x) = x**3 - 6*x**2 + 7*x - 4. What is r(b)?
6
Let p = -3 - -11. Let r be -6 + (-4)/(p - 4). Let m(f) = -f**3 - 7*f**2 + 5. Determine m(r).
5
Let p(z) = 31*z + 4. Let y be p(1). Let m = 40 - y. Let a(k) be the second derivative of -k**4/12 + k**3/3 - 3*k**2/2 + 11*k. What is a(m)?
-18
Let r(u) = -22*u**2 - 26*u + 1. Let h(y) = -31*y**2 - 38*y + 1. Let t(v) = -5*h(v) + 7*r(v). Give t(0).
2
Let m = -31 + 28. Let z(s) = 4*s**2 + s - 3. Let j be z(m). Let k(v) = j*v - 2 - 39*v + 1. Calculate k(1).
-10
Let i(k) = -k - 2. Let o be i(-3). Let u(t) = 3*t**3 + 3*t**2 + 2*t - 3. Let r(m) = m**3 + m. Let d(v) = o*u(v) - 2*r(v). Suppose -5*y - 8 - 7 = 0. Give d(y).
-3
Let w(m) = -8*m**2 - 6*m**2 + m + 10*m**2 + 1 + 6*m**3 - 5*m**3. Give w(3).
-5
Suppose -207 = 56*w - 79*w. Let n(a) be the third derivative of a**3 - 1/8*a**4 + 0 - 1/60*a**5 + 0*a + w*a**2. Determine n(-6).
-12
Let b(v) = -49*v + 2 + 25*v + 41*v. Determine b(1).
19
Let t(u) be the first derivative of u**4/4 + u**3/3 + u**2/2 - 7*u + 260. Let f(m) = m**2 + 4*m - 5. Let a be f(-5). What is t(a)?
-7
Let n = 316 + -321. Let f(g) = g**2 + 6*g + 9. Give f(n).
4
Let w be 186/26 - 11/((-572)/(-8)). Let d(i) = -i**3 + 6*i**2 + 5*i + 3. Give d(w).
-11
Let i(r) be the first derivative of r**3/3 + r**2 - 2*r + 92. Determine i(-5).
13
Let n(h) = -14*h**2 + 8*h + 16. Let s(c) = 5*c**2 - 3*c - 6. Let w(v) = -4*n(v) - 11*s(v). What is w(-3)?
8
Let t(w) = 2*w**2 + 2*w - 3. Let b(x) = -37*x - 2 - 1 + 38*x